[INFO] cloning repository https://github.com/tonymichaelhead/gb-emulator
[INFO] running `Command { std: "git" "-c" "credential.helper=" "-c" "credential.helper=/workspace/cargo-home/bin/git-credential-null" "clone" "--bare" "https://github.com/tonymichaelhead/gb-emulator" "/workspace/cache/git-repos/https%3A%2F%2Fgithub.com%2Ftonymichaelhead%2Fgb-emulator", kill_on_drop: false }`
[INFO] [stderr] Cloning into bare repository '/workspace/cache/git-repos/https%3A%2F%2Fgithub.com%2Ftonymichaelhead%2Fgb-emulator'...
[INFO] running `Command { std: "git" "rev-parse" "HEAD", kill_on_drop: false }`
[INFO] [stdout] 11913b52aba6a1aa10085993d64be891e3bac538
[INFO] building tonymichaelhead/gb-emulator against master#881c1ac408d93bb7adaa3a51dabab9266e82eee8 for issue-85264
[INFO] running `Command { std: "git" "clone" "/workspace/cache/git-repos/https%3A%2F%2Fgithub.com%2Ftonymichaelhead%2Fgb-emulator" "/workspace/builds/worker-0/source", kill_on_drop: false }`
[INFO] [stderr] Cloning into '/workspace/builds/worker-0/source'...
[INFO] [stderr] done.
[INFO] validating manifest of git repo https://github.com/tonymichaelhead/gb-emulator on toolchain 881c1ac408d93bb7adaa3a51dabab9266e82eee8
[INFO] running `Command { std: "/workspace/cargo-home/bin/cargo" "+881c1ac408d93bb7adaa3a51dabab9266e82eee8" "metadata" "--manifest-path" "Cargo.toml" "--no-deps", kill_on_drop: false }`
[INFO] started tweaking git repo https://github.com/tonymichaelhead/gb-emulator
[INFO] finished tweaking git repo https://github.com/tonymichaelhead/gb-emulator
[INFO] tweaked toml for git repo https://github.com/tonymichaelhead/gb-emulator written to /workspace/builds/worker-0/source/Cargo.toml
[INFO] crate git repo https://github.com/tonymichaelhead/gb-emulator already has a lockfile, it will not be regenerated
[INFO] running `Command { std: "/workspace/cargo-home/bin/cargo" "+881c1ac408d93bb7adaa3a51dabab9266e82eee8" "fetch" "--manifest-path" "Cargo.toml", kill_on_drop: false }`
[INFO] [stderr]  Downloading crates ...
[INFO] [stderr]   Downloaded hermit-abi v0.1.12
[INFO] [stderr]   Downloaded cc v1.0.53
[INFO] [stderr]   Downloaded x11-dl v2.14.0
[INFO] [stderr]   Downloaded orbclient v0.3.27
[INFO] [stderr]   Downloaded minifb v0.10.7
[INFO] running `Command { std: "docker" "create" "-v" "/var/lib/crater-agent-workspace/builds/worker-0/target:/opt/rustwide/target:rw,Z" "-v" "/var/lib/crater-agent-workspace/builds/worker-0/source:/opt/rustwide/workdir:ro,Z" "-v" "/var/lib/crater-agent-workspace/cargo-home:/opt/rustwide/cargo-home:ro,Z" "-v" "/var/lib/crater-agent-workspace/rustup-home:/opt/rustwide/rustup-home:ro,Z" "-e" "SOURCE_DIR=/opt/rustwide/workdir" "-e" "CARGO_TARGET_DIR=/opt/rustwide/target" "-e" "CARGO_HOME=/opt/rustwide/cargo-home" "-e" "RUSTUP_HOME=/opt/rustwide/rustup-home" "-w" "/opt/rustwide/workdir" "-m" "1610612736" "--user" "0:0" "--network" "none" "ghcr.io/rust-lang/crates-build-env/linux@sha256:20528e8c29e4536546f0102ce88568b16ea7538393a33fcca951030f7af10457" "/opt/rustwide/cargo-home/bin/cargo" "+881c1ac408d93bb7adaa3a51dabab9266e82eee8" "metadata" "--no-deps" "--format-version=1", kill_on_drop: false }`
[INFO] [stdout] 3d8c6f8dd34d8f78f8303c10a35cd127e0da3989824c9dad627b65d14c1aedd4
[INFO] [stderr] WARNING: Your kernel does not support swap limit capabilities or the cgroup is not mounted. Memory limited without swap.
[INFO] running `Command { std: "docker" "start" "-a" "3d8c6f8dd34d8f78f8303c10a35cd127e0da3989824c9dad627b65d14c1aedd4", kill_on_drop: false }`
[INFO] running `Command { std: "docker" "inspect" "3d8c6f8dd34d8f78f8303c10a35cd127e0da3989824c9dad627b65d14c1aedd4", kill_on_drop: false }`
[INFO] running `Command { std: "docker" "rm" "-f" "3d8c6f8dd34d8f78f8303c10a35cd127e0da3989824c9dad627b65d14c1aedd4", kill_on_drop: false }`
[INFO] [stdout] 3d8c6f8dd34d8f78f8303c10a35cd127e0da3989824c9dad627b65d14c1aedd4
[INFO] running `Command { std: "docker" "create" "-v" "/var/lib/crater-agent-workspace/builds/worker-0/target:/opt/rustwide/target:rw,Z" "-v" "/var/lib/crater-agent-workspace/builds/worker-0/source:/opt/rustwide/workdir:ro,Z" "-v" "/var/lib/crater-agent-workspace/cargo-home:/opt/rustwide/cargo-home:ro,Z" "-v" "/var/lib/crater-agent-workspace/rustup-home:/opt/rustwide/rustup-home:ro,Z" "-e" "SOURCE_DIR=/opt/rustwide/workdir" "-e" "CARGO_TARGET_DIR=/opt/rustwide/target" "-e" "CARGO_INCREMENTAL=0" "-e" "RUST_BACKTRACE=full" "-e" "RUSTFLAGS=--cap-lints=forbid" "-e" "CARGO_HOME=/opt/rustwide/cargo-home" "-e" "RUSTUP_HOME=/opt/rustwide/rustup-home" "-w" "/opt/rustwide/workdir" "-m" "1610612736" "--user" "0:0" "--network" "none" "ghcr.io/rust-lang/crates-build-env/linux@sha256:20528e8c29e4536546f0102ce88568b16ea7538393a33fcca951030f7af10457" "/opt/rustwide/cargo-home/bin/cargo" "+881c1ac408d93bb7adaa3a51dabab9266e82eee8" "build" "--frozen" "--message-format=json", kill_on_drop: false }`
[INFO] [stderr] WARNING: Your kernel does not support swap limit capabilities or the cgroup is not mounted. Memory limited without swap.
[INFO] [stdout] e717af3e24accfea26cb387b1f8e4fc9c145478bc1995844f41c220d5c90fa00
[INFO] running `Command { std: "docker" "start" "-a" "e717af3e24accfea26cb387b1f8e4fc9c145478bc1995844f41c220d5c90fa00", kill_on_drop: false }`
[INFO] [stderr]    Compiling unicode-width v0.1.7
[INFO] [stderr]    Compiling lib-gb-emu v0.1.0 (/opt/rustwide/workdir/lib-gb-emu)
[INFO] [stderr]    Compiling x11-dl v2.14.0
[INFO] [stderr]    Compiling minifb v0.10.7
[INFO] [stderr]    Compiling textwrap v0.11.0
[INFO] [stdout] error[E0599]: no method named `step` found for struct `MemoryBus` in the current scope
[INFO] [stdout]    --> lib-gb-emu/src/cpu.rs:705:18
[INFO] [stdout]     |
[INFO] [stdout] 407 | pub struct MemoryBus
[INFO] [stdout]     | -------------------- method `step` not found for this
[INFO] [stdout] ...
[INFO] [stdout] 705 |         self.bus.step(cycles);
[INFO] [stdout]     |                  ^^^^ method not found in `MemoryBus`
[INFO] [stdout] 
[INFO] [stdout] 
[INFO] [stdout] error[E0599]: no method named `has_interrupt` found for struct `MemoryBus` in the current scope
[INFO] [stdout]    --> lib-gb-emu/src/cpu.rs:707:21
[INFO] [stdout]     |
[INFO] [stdout] 407 | pub struct MemoryBus
[INFO] [stdout]     | -------------------- method `has_interrupt` not found for this
[INFO] [stdout] ...
[INFO] [stdout] 707 |         if self.bus.has_interrupt()
[INFO] [stdout]     |                     ^^^^^^^^^^^^^ method not found in `MemoryBus`
[INFO] [stdout] 
[INFO] [stdout] 
[INFO] [stdout] error[E0599]: no method named `interrupt` found for mutable reference `&mut CPU` in the current scope
[INFO] [stdout]    --> lib-gb-emu/src/cpu.rs:723:22
[INFO] [stdout]     |
[INFO] [stdout] 723 |                 self.interrupt(VBLANK_VECTOR)
[INFO] [stdout]     |                      ^^^^^^^^^ method not found in `&mut CPU`
[INFO] [stdout] 
[INFO] [stdout] 
[INFO] [stdout] error[E0599]: no method named `interrupt` found for mutable reference `&mut CPU` in the current scope
[INFO] [stdout]    --> lib-gb-emu/src/cpu.rs:729:22
[INFO] [stdout]     |
[INFO] [stdout] 729 |                 self.interrupt(LCDSTAT_VECTOR)
[INFO] [stdout]     |                      ^^^^^^^^^ method not found in `&mut CPU`
[INFO] [stdout] 
[INFO] [stdout] 
[INFO] [stdout] error[E0599]: no method named `interrupt` found for mutable reference `&mut CPU` in the current scope
[INFO] [stdout]    --> lib-gb-emu/src/cpu.rs:735:22
[INFO] [stdout]     |
[INFO] [stdout] 735 |                 self.interrupt(TIMER_VECTOR)
[INFO] [stdout]     |                      ^^^^^^^^^ method not found in `&mut CPU`
[INFO] [stdout] 
[INFO] [stdout] 
[INFO] [stdout] error: aborting due to 5 previous errors
[INFO] [stdout] 
[INFO] [stdout] 
[INFO] [stdout] For more information about this error, try `rustc --explain E0599`.
[INFO] [stdout] 
[INFO] [stderr] error: could not compile `lib-gb-emu`
[INFO] [stderr] 
[INFO] [stderr] To learn more, run the command again with --verbose.
[INFO] [stderr] warning: build failed, waiting for other jobs to finish...
[INFO] [stderr] error: build failed
[INFO] running `Command { std: "docker" "inspect" "e717af3e24accfea26cb387b1f8e4fc9c145478bc1995844f41c220d5c90fa00", kill_on_drop: false }`
[INFO] running `Command { std: "docker" "rm" "-f" "e717af3e24accfea26cb387b1f8e4fc9c145478bc1995844f41c220d5c90fa00", kill_on_drop: false }`
[INFO] [stdout] e717af3e24accfea26cb387b1f8e4fc9c145478bc1995844f41c220d5c90fa00
